ltiple of 5?
True
Is 17 a factor of 27697?
False
Does 5 divide 3199?
False
Is 73 a factor of 9557?
False
Is 1594 a multiple of 8?
False
Is 8 a factor of 164?
False
Does 42 divide 3286?
False
Is 37 a factor of 52?
False
Is 17235 a multiple of 45?
True
Is 1000 a multiple of 46?
False
Is 76 a factor of 2280?
True
Does 95 divide 1162?
False
Is 5120 a multiple of 16?
True
Does 4 divide 418?
False
Is 79905 a multiple of 15?
True
Is 50 a factor of 56589?
False
Is 5 a factor of 430?
True
Does 10 divide 70?
True
Is 8760 a multiple of 30?
True
Is 22 a factor of 3432?
True
Is 57157 a multiple of 157?
False
Does 44 divide 2414?
False
Is 23 a factor of 110722?
True
Is 32 a factor of 2571?
False
Is 272 a multiple of 3?
False
Does 61 divide 58438?
True
Is 702 a multiple of 18?
True
Is 50 a factor of 9267?
False
Does 13 divide 10301?
False
Is 163 a multiple of 6?
False
Is 4 a factor of 888?
True
Does 224 divide 79261?
False
Is 46 a factor of 1438?
False
Does 8 divide 1676?
False
Does 6 divide 11729?
False
Is 3 a factor of 1054?
False
Is 51 a multiple of 17?
True
Is 780 a multiple of 20?
True
Is 713 a multiple of 51?
False
Does 16 divide 1552?
True
Does 14 divide 448?
True
Is 4 a factor of 125?
False
Does 12 divide 4200?
True
Is 19488 a multiple of 96?
True
Does 12 divide 69012?
True
Is 13987 a multiple of 197?
True
Is 13 a factor of 1226?
False
Is 9266 a multiple of 113?
True
Is 40 a factor of 35984?
False
Does 22 divide 760?
False
Does 10 divide 700?
True
Is 51 a factor of 560?
False
Does 96 divide 1344?
True
Does 8 divide 1112?
True
Is 5679 a multiple of 203?
False
Does 40 divide 125?
False
Is 13983 a multiple of 198?
False
Is 26 a factor of 598?
True
Is 31 a factor of 2666?
True
Is 38 a factor of 1212?
False
Does 28 divide 464?
False
Is 2710 a multiple of 19?
False
Is 29517 a multiple of 35?
False
Does 10 divide 7470?
True
Is 111 a factor of 2026?
False
Does 162 divide 13233?
False
Is 1591 a multiple of 43?
True
Is 29 a factor of 31431?
False
Is 34423 a multiple of 25?
False
Is 4879 a multiple of 119?
True
Does 41 divide 1026?
False
Is 2230 a multiple of 21?
False
Does 9 divide 1638?
True
Is 425 a multiple of 33?
False
Does 6 divide 80?
False
Is 48 a factor of 960?
True
Does 33 divide 3955?
False
Is 15 a factor of 96?
False
Is 52 a factor of 9709?
False
Is 1155 a multiple of 5?
True
Is 20 a factor of 4400?
True
Is 4806 a multiple of 136?
False
Is 20 a factor of 2420?
True
Is 25 a factor of 18075?
True
Does 15 divide 210?
True
Does 42 divide 633?
False
Does 24 divide 24?
True
Is 8630 a multiple of 20?
False
Is 28 a multiple of 4?
True
Is 18564 a multiple of 26?
True
Is 5 a factor of 100?
True
Is 9997 a multiple of 41?
False
Does 2 divide 1008?
True
Does 9 divide 18846?
True
Does 3 divide 1095?
True
Is 5695 a multiple of 33?
False
Is 12 a factor of 45816?
True
Does 3 divide 421?
False
Does 82 divide 9184?
True
Is 6 a factor of 2295?
False
Is 26 a factor of 9250?
False
Does 317 divide 73861?
True
Is 15 a multiple of 4?
False
Is 172 a factor of 37311?
False
Is 15 a factor of 5760?
True
Is 2 a factor of 13?
False
Is 16441 a multiple of 11?
False
Is 2 a factor of 150?
True
Does 27 divide 23571?
True
Is 6 a factor of 2470?
False
Is 585 a multiple of 39?
True
Is 5 a factor of 25?
True
Is 986 a multiple of 22?
False
Is 15153 a multiple of 24?
False
Is 91 a factor of 12922?
True
Is 9 a factor of 4166?
False
Is 16 a factor of 37072?
True
Does 60 divide 40020?
True
Is 225 a multiple of 3?
True
Is 5 a factor of 1192?
False
Is 10 a factor of 8424?
False
Is 53 a factor of 1082?
False
Is 7 a factor of 3169?
False
Is 3 a factor of 288?
True
Is 6745 a multiple of 5?
True
Is 52418 a multiple of 51?
False
Is 81 a multiple of 57?
False
Does 128 divide 22634?
False
Is 1950 a multiple of 130?
True
Is 14 a factor of 14429?
False
Does 43 divide 11415?
False
Does 34 divide 23324?
True
Is 21 a factor of 3633?
True
Is 3120 a multiple of 26?
True
Does 37 divide 74?
True
Is 63709 a multiple of 180?
False
Is 27390 a multiple of 166?
True
Is 1518 a multiple of 46?
True
Is 14490 a multiple of 46?
True
Is 42 a factor of 1344?
True
Does 8 divide 280?
True
Does 13 divide 758?
False
Is 11 a factor of 1155?
True
Is 976 a multiple of 33?
False
Is 88 a multiple of 27?
False
Does 13 divide 738?
False
Is 14 a factor of 252?
True
Is 5 a factor of 6521?
False
Is 19 a factor of 1729?
True
Is 2 a factor of 536?
True
Does 6 divide 828?
True
Is 361 even?
False
Is 12633 a multiple of 12?
False
Is 1366 a multiple of 11?
False
Does 82 divide 10824?
True
Is 48840 a multiple of 148?
True
Does 96 divide 9508?
False
Is 121 a factor of 18185?
False
Does 39 divide 4030?
False
Does 23 divide 21781?
True
Is 1080 a multiple of 8?
True
Is 94 a factor of 3290?
True
Does 3 divide 1376?
False
Does 51 divide 7620?
False
Is 39 a factor of 4959?
False
Is 11 a factor of 55?
True
Does 6 divide 894?
True
Does 13 divide 6448?
True
Is 65100 a multiple of 145?
False
Is 44 a factor of 869?
False
Does 9 divide 4772?
False
Is 62 a factor of 1488?
True
Is 6785 a multiple of 115?
True
Does 12 divide 4632?
True
Is 1810 a multiple of 4?
False
Is 33180 a multiple of 15?
True
Is 7 a factor of 4107?
False
Does 74 divide 518?
True
Is 76 a factor of 2812?
True
Is 525 a multiple of 6?
False
Is 5 a factor of 2765?
True
Is 38038 a multiple of 22?
True
Does 9 divide 1548?
True
Does 31 divide 3250?
False
Does 54 divide 486?
True
Is 27 a factor of 39933?
True
Is 46 a factor of 19136?
True
Is 80 a factor of 3339?
False
Is 34 a factor of 10234?
True
Does 31 divide 3379?
True
Is 1018 a multiple of 6?
False
Does 9 divide 477?
True
Is 5 a factor of 6413?
False
Is 362 a multiple of 4?
False
Is 9020 a multiple of 11?
True
Is 22 a factor of 27126?
True
Is 22 a factor of 1430?
True
Is 6041 a multiple of 67?
False
Does 11 divide 17495?
False
Does 29 divide 11978?
False
Does 78 divide 1092?
True
Does 26 divide 1066?
True
Is 417 a multiple of 12?
False
Is 72 a multiple of 4?
True
Is 3 a factor of 173?
False
Is 16366 a multiple of 48?
False
Does 23 divide 385?
False
Does 45 divide 101?
False
Does 9 divide 260?
False
Does 66 divide 40788?
True
Does 23 divide 28428?
True
Is 936 a multiple of 18?
True
Is 13746 a multiple of 87?
True
Is 4 a factor of 1560?
True
Is 882 a multiple of 9?
True
Is 8 a factor of 16112?
True
Does 138 divide 14423?
False
Is 54 a factor of 135902?
False
Is 54 a factor of 2655?
False
Is 100680 a multiple of 30?
True
Is 117 a factor of 9424?
False
Is 123 a multiple of 11?
False
Is 17 a factor of 20746?
False
Is 150 a multiple of 3?
True
Does 4 divide 121?
False
Is 8628 a multiple of 67?
False
Does 48 divide 21555?
False
Is 4347 a multiple of 9?
True
Does 53 divide 53?
True
Is 2134 a multiple of 16?
False
Is 11 a factor of 8481?
True
Does 6 divide 75013?
False
Does 5 divide 2890?
True
Is 146 a factor of 29930?
True
Is 56650 a multiple of 10?
True
Is 567 a multiple of 63?
True
Does 10 divide 800?
True
Is 48 a factor of 3408?
True
Is 43409 a multiple of 170?
False
Does 210 divide 7140?
True
Does 21 divide 12484?
False
Does 31 divide 341?
True
Does 44 divide 35323?
False
Is 21 a factor of 40?
False
Does 7 divide 24116?
False
Is 207 a multiple of 4?
False
Is 4590 a multiple of 16?
False
Does 12 divide 2697?
False
Is 164 a multiple of 41?
True
Does 18 divide 5420?
False
Is 19 a factor of 18392?
True
Is 14 a factor of 1760?
False
Does 15 divide 619?
False
Is 10508 a multiple of 142?
True
Is 17 a factor of 9673?
True
Does 37 divide 14851?
False
Does 23 divide 7912?
True
Does 13 divide 975?
True
Is 78 a multiple of 26?
True
Is 19 a factor of 11161?
False
Is 8 a factor of 688?
True
Is 56 a factor of 6384?
True
Is 19 a factor of 18924?
True
Does 359 divide 47466?
False
Does 52 divide 5772?
True
Is 132 a factor of 8058?
False
Is 5956 a multiple of 94?
False
Does 33 divide 5282?
False
Does 20 divide 1360?
True
Does 51 divide 16524?
True
Is 4 a factor of 292?
True
Is 19175 a multiple of 295?
True
Is 334 a multiple of 3?
False
Is 621 a multiple of 23?
True
Is 25446 a multiple of 23?
False
Is 1440 a multiple of 24?
True
Is 3 a factor of 14835?
True
Is 2 a factor of 1251?
False
Is 288 a multiple of 12?
True
Is 9 a factor of 263?
False
Is 13 a factor of 30030?
True
Is 450 a multiple of 9?
True
Is 5987 a multiple of 76?
False
Does 18 divide 954?
True
Is